4*x**2 - x - 4. Let t be p(3). Let g(v) = t*j(v) - 3*y(v). Determine g(-4).
10
Let k be (-348)/72 - (-1)/(-6). Let q(u) = -3*u + 4. Determine q(k).
19
Suppose 4*u = 5*v + 49, -3*u + 43 = -0*u - 5*v. Suppose -5*z - 2 = -3*z, -u = -2*w + 2*z. Let l(y) = -y + 4*y**2 - w*y**2 - y**2 - 3 - 2*y. Determine l(3).
-3
Let p(d) be the first derivative of -2 - 4 - d**3 + 4. What is p(-2)?
-12
Suppose -4*z + 5 = 1. Let o be z/(14/8 - 2). Let b = -5 - o. Let j(w) = 7*w + 1. Determine j(b).
-6
Let y(t) = -4*t**2 + 3*t**2 - t + 2 + 0*t**2. Determine y(-3).
-4
Let z(o) = 3*o + 3. Let u be z(-2). Let k(j) be the second derivative of -3/2*j**2 - 1/3*j**3 + 0 + 7*j. Determine k(u).
3
Let l = -18 - -14. Let p(m) = -6*m - 6. Determine p(l).
18
Let j(f) = -6*f + 3*f + 20 + 2*f. Give j(0).
20
Let c(a) = 2*a**3 + a**2 - 4*a - 3. Let m be 2/(-8) - (-13)/4. Suppose n - m*n + 2*u = 2, -2*n - 5*u = -5. Suppose n = -r + 3*r + 4. Determine c(r).
-7
Let u(g) = g - 12. Let f be u(14). Suppose -f*h + 0*h - 2*m = -12, -3*m + 30 = 5*h. Let i(b) = 3*b - 5. Calculate i(h).
13
Let c(k) = -k**3 - 4*k**2 - 4*k - 1. Let l be c(-3). Let t(w) = -5 + 2 + w - 1 - l*w. Calculate t(4).
-8
Let m(s) = -s**2 + s + 1. Let l(r) = 9*r**2 - 2*r - 3. Let d(o) = l(o) + 5*m(o). Let z be (0 - 6) + 4/1. Calculate d(z).
12
Let k(v) = -2*v**2 - 2*v. Let c(y) = 3*y**2 + 5*y + 1. Let s(m) = -2*c(m) - 5*k(m). What is s(2)?
14
Let g(j) = 3*j**2 - 12*j + 5. Suppose 12 = 4*q - 12. Let t(r) = r**2 - 4*r + 2. Let f(c) = q*g(c) - 17*t(c). What is f(4)?
-4
Let y = 12 - 9. Suppose 7*b - 5 = -4*n + 4*b, 0 = 3*n + 3*b - y. Let w(x) = x + 8. Let v(d) = -2*d - 7. Let h(z) = n*v(z) + 3*w(z). Calculate h(5).
5
Let u = 18 + -20. Let o(k) = 2*k**2 - 2*k + 1. Calculate o(u).
13
Let v(g) = -5*g**2 + 2*g + 1. Let x(w) = 1. Let j(q) = q**2 - 7*q - 1. Let p be j(7). Let n(r) = 2*r. Let t(h) = p*n(h) + 3*x(h). Let y be t(2). What is v(y)?
-6
Let a(v) = 2*v**2 + v - 2. Let f(z) = -z**2 + 1. Let b(h) = 2*a(h) + 3*f(h). Let k be b(-3). Let t(x) = k + 4 + x - 4. Determine t(4).
6
Let r(m) = m**3 - 5*m**2 + m + 2. Suppose 0 = -5*w - 20, w - 6 = -5*o - 0. Calculate r(o).
-8
Let a(n) be the second derivative of 0*n**2 + 1/6*n**3 + 0 + 4*n. Determine a(-2).
-2
Let r(m) = m**2 - m + 2*m**2 - 2 + 3*m**3 - 2*m - 4*m**3. Give r(3).
-11
Let t(u) = -2*u + 8. Let g be t(4). Let i(r) = r**2 - r + 3. Calculate i(g).
3
Let x(r) = -3*r**2 - 3*r - 1. Let q be 0 + 1 - 6/(-6). Let z be (-3 - (3 + -2)) + q. Calculate x(z).
-7
Let u(t) be the first derivative of 0*t - 2 + 1/2*t**2. Let y(x) = -2*x + 8. Let r be y(7). Give u(r).
-6
Let r(g) = g**2 + 5*g + 2. Suppose w + 10 = -w. What is r(w)?
2
Let j be (1 + 5)*(-1)/(-2). Suppose 4*z = 4*p, -3*p + 2*z + 3 = 1. Let d(g) = 0 - g + g**p - j + 4. What is d(3)?
7
Let v(x) = -x**2 - 1. Let m(y) = -y**3 + 6*y**2 + 2*y + 5. Let g(i) = m(i) + 4*v(i). Suppose 0 = -4*u + 5*q - 8, -1 = 5*u - 7*q + 3*q. Calculate g(u).
-2
Let g(b) = b**2 + 7*b + 6. Suppose -24 = 2*h - 5*s, -s + 2*s = -4*h - 26. Give g(h).
6
Let f(a) = -a**3 + a**2 + a - 7. Suppose -4*v = 2*w + w + 12, -2*v = 6. Calculate f(w).
-7
Let w(a) be the second derivative of a**4/24 - a**2/2 - a. Let o(n) be the first derivative of w(n). Determine o(2).
2
Let r(v) = -1. Let d(u) = 7*u**2 - 3. Let z(y) = d(y) - 2*r(y). Determine z(1).
6
Let t(z) be the second derivative of z**5/20 - z**4/6 - z**3/6 - z**2 + 2*z. Let v(r) = 4*r - 1. Let w be v(1). Calculate t(w).
4
Let n = 17 - 22. Let m(l) = -l + 1. Let w(p) = 1. Let d(s) = -m(s) + 6*w(s). Calculate d(n).
0
Let j be (-107)/7 + 8/28. Let m be ((-3)/3)/((-3)/j). Let y(n) = n + 11. Calculate y(m).
6
Let d(f) = 2*f**2 - 5*f - 2. Let r(m) = m**2 - 4*m - 28. Let k be r(8). Determine d(k).
10
Let b(k) = k**2 + 0*k + 5 - 3*k - k - 3. Let p(y) = y**2 + 6*y - 3. Suppose -3*x = 4*d + 29, 0 = -5*x - 0*d - 5*d - 45. Let t be p(x). Calculate b(t).
2
Let p(h) = -35*h + 4. Let n(o) = -71*o + 8. Let d(w) = 2*n(w) - 5*p(w). Let q(k) = -8*k + 1. Let s(j) = -2*d(j) - 9*q(j). What is s(-1)?
-7
Let h(f) = -f + 1. Let d be (-1)/(-1)*0*3/(-6). Give h(d).
1
Suppose -4*u - u - b = -5, 5*b + 35 = 5*u. Let p(c) = 5*c - 2*c**2 - 3*c**3 - 3*c + 2*c**3 + 2. What is p(u)?
-10
Let g(l) = -2*l - 5. Let o(h) = -4*h - 10. Let t(b) = 5*g(b) - 2*o(b). What is t(4)?
-13
Let y = 100 + -64. Let j(b) = 18 + 14 - y - 3*b. Calculate j(-3).
5
Let r(t) = 2*t + 2. Let u(y) = y**2 + y + 1. Let d(a) = -2*r(a) + 4*u(a). Let z be d(1). Let b(j) = -3*j**2 + 0*j + 4*j + z*j**2 - 2. Give b(-4).
-2
Let g(a) = a + 1. Let l(i) = -i**3 - 5*i**2 - i - 6. Let h = -18 - -13. Let p be l(h). Give g(p).
0
Let a(c) = 3*c**2 - c**3 - 2*c - c - 6 - 9*c**2. Suppose -3*g - 2 = 4*v + 19, -4*g = -v - 10. Give a(v).
12
Suppose 5*y + 5*w - 15 = 0, -2*w = 5*y + 2 - 11. Let f(i) = i**2 - i + 6. Let n(z) = -1. Let c(a) = -f(a) - 5*n(a). Determine c(y).
-1
Let s(g) = -g - 3. Let t(w) = -w + 5. Let y = 10 - 0. Let j be t(y). Determine s(j).
2
Suppose 5*p = -0*p + 2*i - 4, p - 6 = -3*i. Let w(s) = s**2 + s - 2. Calculate w(p).
-2
Let d(s) = s - 1. Let w be d(3). Let y(j) = 2. Let u(r) = -r + 2. Let z(i) = w*u(i) - 3*y(i). What is z(2)?
-6
Let z(j) = j**3 + j**2 + j + 1. Let a be z(0). Let v be 4 - (a + (-1 - -1)). Let t(f) = 2*f. Calculate t(v).
6
Let s(o) = -13*o**3 + o**2. Let p = -5 - -4. Give s(p).
14
Suppose 3*r + 12 = -0*r, 2*i + r = 8. Let f(u) = -2*u + 3. What is f(i)?
-9
Let c be (0 - 2/(-3))*-3. Let r(p) = -6*p**3 - 6*p**2 - 6*p - 9. Let m(q) = 5*q**3 + 5*q**2 + 5*q + 8. Let w(y) = 7*m(y) + 6*r(y). Calculate w(c).
8
Let w(o) = 3*o - 1 - 1 + 3 + 1. Give w(-2).
-4
Let b(z) = z - 2. Let n(m) = -5*m + 5. Let g(j) = -4*b(j) - n(j). Calculate g(-3).
0
Let j(r) = r**2 - 4*r + 5. Suppose -68 = -7*z + 3*z. Suppose 0 = -4*v + z + 3. Give j(v).
10
Let h(s) = -s**2 + 8 + s**2 - s - 5 - s**2. Suppose -w = 2*o - 13, -7 = -2*o - 4*w + 21. Suppose o*c - 2 = -18. Give h(c).
-9
Let u(h) = -8*h**2 - 4*h + 3. Let y(g) = -g**2 - g + 1. Let i(r) = -u(r) + 3*y(r). What is i(1)?
6
Suppose -7 = 5*z + k + 13, -5*z = 3*k + 20. Let u(d) = -d - 5. Let m be u(z). Let t(j) be the first derivative of 5*j**4/4 - 6. Give t(m).
-5
Suppose 0 = 2*s + 2*s + 4. Let w(z) = 16*z. What is w(s)?
-16
Let m(r) = 7*r**3 + r**2 + 5*r - 7. Let n(l) = 15*l**3 + 2*l**2 + 11*l - 14. Let j(y) = 13*m(y) - 6*n(y). Determine j(0).
-7
Let l(a) = 2 - 10*a**2 - a - 5*a + 11*a**2 + 2. Suppose 8*o = 3*o + 15. What is l(o)?
-5
Let c be (26/10)/((-2)/(-10)). Let w = 19 - c. Let j(n) = n - 11. Give j(w).
-5
Let v(n) = -n**3 - 2*n**2 + 2*n - 2. Let i be ((-4)/(-10))/((-1)/(-5)). Let d be -1*(-2)/(i + -1). Suppose 4*b + 17 = f, -d*b + 4*f - 11 = 3*f. Determine v(b).
1
Let y(i) = -i**2 - 5*i + 5. Let w(z) = -3*z**2 - 10*z + 10. Let m(s) = -2*w(s) + 5*y(s). What is m(4)?
1
Suppose 0*f - 2*f - 12 = 0. Let k(l) = l + 2. Give k(f).
-4
Let p be 6/4*(-12)/(-9). Let d(c) = 5 - 2*c**p + 0*c**2 + 4*c + 1 + 3*c**2. Determine d(-4).
6
Let x(g) = -g + 7. Let p(i) = -i - 1. Let m(h) = 2*p(h) - x(h). Determine m(-7).
-2
Let q(h) = -7*h**2 - 5*h + 5. Let p(l) = -20*l**2 - 14*l + 14. Let u(g) = 6*p(g) - 17*q(g). Give u(0).
-1
Let y(s) = s**2 - s - 5. Let d be (1 - 3) + 2*-5. Let g = -16 - d. Calculate y(g).
15
Let d be (-38)/(-8) - 21/28. Let u(i) = 2 - d + 5 - 5 - 6*i + i**2. What is u(6)?
-2
Let o be 4/3 + 1/(-3). Let g(d) = -3 + 1 + o + d. Calculate g(4).
3
Let d(t) = 3*t + 4. Let f(q) = -2*q - 2. Let h(k) = -3*d(k) - 5*f(k). Calculate h(-5).
-7
Let k(y) = 3*y - 6. Let n be k(4). Let q(s) = 0*s + 2*s - 1 - n*s**2 + 7*s**2. Calculate q(-3).
2
Let f(z) = z**3 + 3*z**2 - z + 3. Suppose -3*k - 6 - 3 = 0. What is f(k)?
6
Let u(c) = -c + 9. Let y(d) = d**3 - 19*d**2 + d - 13. Let h be y(19). Calculate u(h).
3
Let s be ((-4)/5)/(4/(-10)). Suppose 2*m + s = 6. Let g(n) = -n**3 + m + n - 7*n**2 + 2*n**2 + 0*n**3. What is g(-5)?
-3
Suppose 0 = i + 5*u - 8, 2*i + 0*i = u + 27. Suppose i = 3*g - 2*f, f - 5 = 5*g + 3*f. Let h(w) = 4*w**3 + w**2 - w + 1. What is h(g)?
5
Let j(v) be the third derivative of v**6/120 + v**5/15 - v**4/24 + v**3/6 + 18*v**2. Let x = -3 + 0. Determine j(x).
13
Suppose -2*v = 0, 0 = -4*d + d - 5*v - 39. Let w = d - -17. Let t(j) = -j**3 + 3*j**2 + 2*j + 3. Calculate t(w).
-5
Let c(h) = -2*h**2 - 25*h - 11. Let b(q) = q**2 + 13*q + 6. Le